 is 5 + -696?
-691
In base 6, what is -1 + -100?
-101
In base 12, what is 1074 - -2?
1076
In base 10, what is 0 - 76?
-76
In base 8, what is 5 + -115?
-110
In base 3, what is 1 - -21212?
21220
In base 8, what is 4767 + 6?
4775
In base 10, what is -12 - 5?
-17
In base 7, what is -10 - -544?
534
In base 8, what is 2 + 246?
250
In base 14, what is 9b - -10?
ab
In base 16, what is 4 - -6?
a
In base 11, what is 165 + 1?
166
In base 16, what is 1e + -27?
-9
In base 3, what is -101122210 - 12?
-101122222
In base 15, what is -48 - -10?
-38
In base 8, what is 4530 + -4?
4524
In base 12, what is -7b - -52?
-29
In base 8, what is 31 - -2?
33
In base 7, what is 3 - 1125?
-1122
In base 3, what is -100 + -1202?
-2002
In base 12, what is -3063 - -4?
-305b
In base 4, what is 133211 - -1?
133212
In base 2, what is 11 - -10001101111?
10001110010
In base 7, what is -1 - 2661?
-2662
In base 10, what is 1 + 29?
30
In base 6, what is -31224 + -4?
-31232
In base 14, what is -3 - 3a2?
-3a5
In base 15, what is 1384 - 1?
1383
In base 4, what is -103 + -101?
-210
In base 15, what is -1dc + 1?
-1db
In base 6, what is 204 + -11?
153
In base 6, what is -4 + 5433?
5425
In base 10, what is -6 + 396?
390
In base 4, what is 202003 + 1?
202010
In base 13, what is 1025 - -1?
1026
In base 4, what is -300101 - 11?
-300112
In base 8, what is -2 + -37?
-41
In base 6, what is 1531 - 0?
1531
In base 12, what is bb + 38?
137
In base 14, what is 24 - -175?
199
In base 15, what is 109 + -1?
108
In base 6, what is 325 + -5?
320
In base 8, what is -55 - 164?
-241
In base 3, what is -1222 + 1?
-1221
In base 10, what is 2 + 17?
19
In base 10, what is -2 + 1876?
1874
In base 13, what is -8c - -5?
-87
In base 10, what is -299 - -4?
-295
In base 16, what is -1 + 2c6?
2c5
In base 2, what is 110 - -1101001101?
1101010011
In base 13, what is 4 + -45?
-41
In base 7, what is 40 + 0?
40
In base 11, what is -3561 - -4?
-3558
In base 4, what is -3 + -330?
-333
In base 4, what is 30 - -30033?
30123
In base 7, what is 1600 - -12?
1612
In base 14, what is 2 - -296?
298
In base 9, what is 278 + 1?
280
In base 3, what is 10 + -1212021?
-1212011
In base 11, what is 4 + -70?
-67
In base 11, what is 262 + -3?
25a
In base 9, what is -176 + 47?
-128
In base 11, what is -29 + 15?
-14
In base 14, what is c + -ad?
-a1
In base 10, what is -6 + -1029?
-1035
In base 8, what is -4 + 243?
237
In base 11, what is -333 + 2?
-331
In base 13, what is -34 - 3a?
-71
In base 4, what is 13 + -1013213?
-1013200
In base 4, what is 133 - -2?
201
In base 12, what is -366 + 5?
-361
In base 4, what is -103212 - -3?
-103203
In base 15, what is -2 + 32?
30
In base 13, what is 62 - 6?
59
In base 7, what is 0 - 301?
-301
In base 11, what is -18 + 285?
268
In base 5, what is -3232 - 10?
-3242
In base 6, what is 5 - -14152?
14201
In base 15, what is -140 - -5?
-13a
In base 14, what is 2d - -2?
31
In base 14, what is -2 + -49?
-4b
In base 2, what is -11 - 1111111?
-10000010
In base 13, what is 74 - 19?
58
In base 14, what is -2 - -b38?
b36
In base 3, what is -2001000 + 1?
-2000222
In base 12, what is 1 + -26a?
-269
In base 12, what is 571 + 5?
576
In base 10, what is 60 - -58?
118
In base 6, what is -2 - -142?
140
In base 16, what is -7 - -993?
98c
In base 2, what is 10100000 - -101?
10100101
In base 9, what is -1 + -153?
-154
In base 15, what is -2 - -96e?
96c
In base 11, what is 11 + 8?
19
In base 2, what is -100011 - 11100100?
-100000111
In base 4, what is -1310 - -123?
-1121
In base 2, what is 11 + -10011000?
-10010101
In base 3, what is 12100 + 210?
20010
In base 13, what is 136a - -1?
136b
In base 6, what is -435 - 1?
-440
In base 7, what is -16 - -103?
54
In base 6, what is -24045 - -4?
-24041
In base 13, what is -7a - 2?
-7c
In base 5, what is -100 - -220?
120
In base 14, what is -c - 10d?
-11b
In base 11, what is 3 + 5565?
5568
In base 8, what is -103 - 0?
-103
In base 10, what is -4 - 3214?
-3218
In base 15, what is 0 + -27?
-27
In base 4, what is -1 - -3320?
3313
In base 2, what is -1001 - -110000?
100111
In base 9, what is -5 + -20?
-25
In base 7, what is -5 - -15?
10
In base 9, what is 4 + -243?
-238
In base 2, what is -10001101101 - 11?
-10001110000
In base 13, what is -28 + 75?
4a
In base 7, what is -333 - -6?
-324
In base 15, what is -5 - -36?
31
In base 13, what is 4a5 + 2?
4a7
In base 8, what is 2 + 2?
4
In base 14, what is -1ba + -5?
-1c1
In base 4, what is 10 + -1022?
-1012
In base 7, what is 3 - 21?
-15
In base 9, what is 50 - -284?
344
In base 3, what is -20 + 212001?
211211
In base 10, what is 6 + 46?
52
In base 7, what is -3 + 364?
361
In base 4, what is -11 - 1121011?
-1121022
In base 16, what is -86d - 1?
-86e
In base 11, what is 2 - 693?
-691
In base 14, what is 7 - -1b3?
1ba
In base 3, what is 12 + 1200?
1212
In base 8, what is 610 - 1?
607
In base 16, what is -5 + 24?
1f
In base 5, what is 13412 + -2?
13410
In base 4, what is -2332200 - -3?
-2332131
In base 11, what is 1376 + -6?
1370
In base 4, what is 1 - -320001?
320002
In base 7, what is 12414 + 5?
12422
In base 7, what is -11 + 2?
-6
In base 13, what is b + 21?
2c
In base 16, what is 48 - -8?
50
In base 9, what is 338 - 18?
320
In base 14, what is 78 + 4?
7c
In base 16, what is 5 - 39?
-34
In base 6, what is -232 - 0?
-232
In base 11, what is -8202 + -2?
-8204
In base 8, what is 401 + -2?
377
In base 9, what is -1 + -151?
-152
In base 11, what is 11 - 126?
-115
In base 11, what is 222 + 2?
224
In base 4, what is 2202 + 10?
2212
In base 10, what is 6 + 312?
318
In base 15, what is 6 + -16?
-10
In base 2, what is 10 + 100111101?
100111111
In base 13, what is b + -3?
8
In base 12, what is 2 + 76b?
771
In base 6, what is 51 + -2553?
-2502
In base 3, what is -101112112 - -11?
-101112101
In base 11, what is -3 - -110?
108
In base 8, what is 3140 - -2?
3142
In base 2, what is -10010010100 + 101?
-10010001111
In base 2, what is 1101100101 - -100?
1101101001
In base 5, what is -4 + 11141?
11132
In base 12, what is 2004 - -5?
2009
In base 7, what is 31 - 1431?
-1400
In base 4, what is -213 - -102?
-111
In base 4, what is -11 - -3333?
3322
In base 10, what is -13 + -37?
-50
In base 12, what is -9 + 25?
18
In base 3, what is 22 - 20012?
-12220
In base 10, what is -8 - -1465?
1457
In base 2, what is -11010001011 + -1?
-11010001100
In base 3, what is -11 - 2212?
-10000
In base 2, what is 0 - -10011000?
10011000
In base 11, what is 11 - -22?
33
In base 3, what is -12 - -10222?
10210
In base 3, what is 2 - 110?
-101
In base 11, what is -11 + 110?
aa
In base 6, what is 3 - 3122?
-3115
In base 8, what is 13632 + -4?
13626
In base 7, what is 0 - -332?
332
In base 8, what is -1767 - -11?
-1756
In base 2, what is -10 + 110101100?
110101010
In base 15, what is -ae - 7?
-b6
In base 14, what is -127 + -2c?
-155
In base 2, what is -1 + -1000111101?
-1000111110
In base 10, what is 64 - 0?
64
In base 16, what is 263a + -3?
2637
In base 9, what is 1 + -634?
-633
In base 15, what is d5 - -4?
d9
In base 10, what is 170 - 15?
155
In base 13, what is -1bb + -4?
-1c2
In base 9, what is -1 + -238?
-240
In base 4, what is 12 + 12332?
13010
In base 13, what is 15 + 13?
28
In base 7, what is 3 - 650?
-644
In base 16, what is -6 + 20?
1a
In base 11, what is -12 - 54a?
-561
In base 13, what is 1 - -1076?
1077
In base 15, what is -1a - 1e?
-39
In base 11, what is 68 - 30?
38
In base 8, what is 1524 + 6?
1532
In base 5, what is 0 - 2304?
-2304
In base 6, what is -134 - -2?
-132
In base 11, what is -944 - -5?
-93a
In base 12, what is 17a - 13?
167
In base 16, what is -4b + -3?
-4e
In base 16, what is 3 + 365?
368
In base 2, what is -1011011 - 1?
-1011100
In base 9, what is -1 + 45?
44
In base 4, what is -32 - -10?
-22
In base 6, what is 145455 - -4?
145503
In base 4, what is -3 - 102?
-111
In base 12, what is -217 - -5?
-212
In base 14, what is -38a + -2b?
-3b7
In base 2, what is 1001000100 + -10?
1001000010
In base 3, what is -112 + 1221?
1102
In base 13, what is 6 + -5b?
-55
In base 12, what is 2b - 10?
1b
In base 3, what is -11 - -122?
111
In base 7, what is -4 - -226?
222
In base 8, what is -1 - -131?
130
In base 11, what is 365 + 9?
373
In base 10, what is 5 + 4234?
4239
In base 16, what is -8f + -4?
-93
In base 7, what is 2 + -16?
-14
In base 6, what is 11 - -12514?
12525
In base 7, what